532283371 composite?
True
Is 7024673 composite?
True
Is 25857383 prime?
False
Is 30018167 prime?
True
Is 400969 prime?
False
Is 47406889 a prime number?
True
Is 97336763 a prime number?
True
Is 36805369 a prime number?
True
Is 875579 composite?
False
Is 5727539 composite?
False
Is 448763 a composite number?
True
Is 47252113 prime?
True
Is 24212465 prime?
False
Is 1907023 prime?
True
Is 47445319 a prime number?
False
Is 11261099 a prime number?
False
Is 186283301 prime?
True
Is 2129159 composite?
True
Is 165773669 a prime number?
False
Is 42899413 a prime number?
False
Is 14266751 prime?
True
Is 2778689 a composite number?
False
Is 3934547 prime?
False
Is 9942103 a prime number?
False
Is 1400611435 a prime number?
False
Is 40255837 a composite number?
True
Is 28289893 a composite number?
True
Is 69048751 prime?
False
Is 39023597 prime?
True
Is 6265843 prime?
False
Is 1025173 a composite number?
True
Is 4912267 prime?
True
Is 29538391 composite?
False
Is 2947037 prime?
False
Is 613787 prime?
False
Is 16903438 a composite number?
True
Is 4411963 a prime number?
True
Is 915149 composite?
True
Is 9647153 a prime number?
True
Is 446806981 composite?
False
Is 5918989 a prime number?
False
Is 4594019 a composite number?
False
Is 24833203 a prime number?
False
Is 872401 composite?
True
Is 33517051 prime?
False
Is 34906981 a composite number?
True
Is 1743919 a composite number?
False
Is 2710177 composite?
False
Is 30266471 a composite number?
False
Is 1018954967 prime?
False
Is 1696729 prime?
True
Is 118899239 a composite number?
False
Is 141963751 prime?
False
Is 1716413 a composite number?
False
Is 13765597 composite?
True
Is 38962513 a composite number?
True
Is 19855219 a prime number?
True
Is 9897673 prime?
False
Is 28652269 a prime number?
True
Is 14310337 prime?
True
Is 4072683517 composite?
True
Is 17142401 a prime number?
True
Is 5646297 prime?
False
Is 7579937 composite?
False
Is 73568411 prime?
False
Is 18843569 a composite number?
True
Is 2887877 a composite number?
True
Is 4247863 a prime number?
True
Is 1493881 prime?
False
Is 292158941 a prime number?
True
Is 45581801 composite?
True
Is 238781171 prime?
False
Is 438027 composite?
True
Is 3265289 a prime number?
False
Is 8938283 a composite number?
True
Is 1819547 a prime number?
False
Is 27472217 a prime number?
True
Is 4693303 prime?
True
Is 2280587 a prime number?
True
Is 693553 prime?
False
Is 6921803 prime?
False
Is 2004059 a prime number?
False
Is 1911563 composite?
True
Is 8058497 composite?
False
Is 3188357 a composite number?
True
Is 99340291 prime?
False
Is 117661111 composite?
False
Is 1271591 a composite number?
True
Is 3005503 a prime number?
True
Is 5653798 a prime number?
False
Is 25861603 a prime number?
False
Is 11891753 composite?
True
Is 95187485 prime?
False
Is 137740873 composite?
True
Is 1454239 a prime number?
True
Is 1441333 composite?
True
Is 5931697 a prime number?
True
Is 362887999 composite?
False
Is 51900743 a prime number?
True
Is 30440765 prime?
False
Is 16790633 prime?
False
Is 10468195 a prime number?
False
Is 39930061 a composite number?
True
Is 55727561 composite?
True
Is 9343703 a prime number?
True
Is 13136959 composite?
True
Is 894522803 prime?
False
Is 2339879 a composite number?
False
Is 59184031 a composite number?
True
Is 60652961 a prime number?
False
Is 1061363 prime?
True
Is 56893637 prime?
True
Is 3586997 a prime number?
True
Is 5401589 a composite number?
True
Is 162968789 a prime number?
True
Is 16691927 prime?
False
Is 1362271 a composite number?
False
Is 10820087 prime?
False
Is 22800067 composite?
False
Is 59661278 composite?
True
Is 29936279 a prime number?
True
Is 3315857 composite?
False
Is 30279917 prime?
False
Is 195072797 prime?
True
Is 15896935 a prime number?
False
Is 81187235 composite?
True
Is 969743 a prime number?
True
Is 28093673 a composite number?
True
Is 5766862 prime?
False
Is 247177 prime?
False
Is 597532421 a composite number?
False
Is 265231 a prime number?
True
Is 1940621 prime?
True
Is 13431479 composite?
True
Is 257654467 a composite number?
True
Is 47219 a prime number?
False
Is 34620409 prime?
True
Is 5231647 composite?
False
Is 1970767 prime?
False
Is 2211557 a prime number?
True
Is 147068053 a prime number?
False
Is 35786677 composite?
True
Is 106311977 composite?
True
Is 2463101 composite?
False
Is 1870896243 a composite number?
True
Is 1644331 a prime number?
False
Is 8572589 prime?
True
Is 1599563 a composite number?
True
Is 18088541 a composite number?
False
Is 37958741 a composite number?
True
Is 104251009 a prime number?
False
Is 1166287 prime?
True
Is 3594823 composite?
True
Is 7752877 prime?
False
Is 42885859 composite?
True
Is 213677 a composite number?
True
Is 3951281 composite?
False
Is 22146023 a prime number?
True
Is 5024887 a prime number?
False
Is 3623069 a prime number?
True
Is 581705 prime?
False
Is 6757573 composite?
False
Is 121765593 a composite number?
True
Is 6674017 composite?
True
Is 179042921 a prime number?
True
Is 694921 prime?
False
Is 404381 a composite number?
False
Is 105109721 a composite number?
False
Is 7002713 composite?
False
Is 805238669 composite?
False
Is 1024633 prime?
True
Is 121755107 a composite number?
True
Is 17894813 composite?
False
Is 39779 a prime number?
True
Is 5680319 a composite number?
False
Is 25359865 a prime number?
False
Is 123506017 a composite number?
False
Is 77617 a composite number?
False
Is 17037039 a prime number?
False
Is 8339863 a composite number?
True
Is 92736493 composite?
False
Is 66231713 a prime number?
True
Is 4131931 a composite number?
True
Is 1534621 composite?
True
Is 6722983 composite?
True
Is 7475261 prime?
True
Is 645361061 composite?
False
Is 603047 a composite number?
False
Is 74994901 a prime number?
False
Is 102028789 a composite number?
True
Is 3889579 a prime number?
False
Is 107443007 prime?
False
Is 117811711 a prime number?
True
Is 486484055 a composite number?
True
Is 73853039 prime?
False
Is 54895469 composite?
False
Is 5674754 a prime number?
False
Is 3568858 composite?
True
Is 66830731 prime?
False
Is 7779409 a prime number?
False
Is 68723717 a prime number?
False
Is 805570751 composite?
False
Is 186377 composite?
False
Is 160765091 prime?
False
Is 6401249 a composite number?
False
Is 27820241 a prime number?
True
Is 24848653 a prime number?
True
Is 78497761 a composite number?
False
Is 4628693 prime?
False
Is 3682501 a composite number?
False
Is 508979 a prime number?
False
Is 10416071 a prime number?
False
Is 11576057 a composite number?
False
Is 7424201 a prime number?
True
Is 1086413 a composite number?
False
Is 7785205 a composite number?
True
Is 7685569 a composite number?
True
Is 2451233 a prime number?
True
Is 26454521 composite?
False
Is 78716549 prime?
False
Is 12028631 a prime number?
False
Is 3299761 prime?
True
Is 66893 prime?
False
Is 16189179 a prime number?
False
Is 195482389 a prime number?
True
Is 84987571 prime?
True
Is 320627 composite?
False
Is 12130813 a prime number?
False
Is 5103827 prime?
False
Is 24031223 a composite number?
False
Is 45558719 a prime number?
True
Is 18637669 prime?
True
Is 20040599 prime?
False
Is 266444615 a prime number?
False
Is 1752859 a prime number?
False
Is 7971357 prime?
False
Is 12109047 composite?
True
Is 68521946 a composite number?
True
Is 254778347 prime?
True
Is 14666677 composite?
False
Is 23933803 prime?
True
Is 11410829 a prime number?
False
Is 29153627 a composite number?
True
Is 4576235 prime?
False
Is 5531849 prime?
True
Is 14598082 composite?
True
Is 16703353 composite?
False
Is 9359867 a prime number?
False
Is 18555847 a composite number?
False
Is 17429717 prime?
True
Is 132173311 prime?
True
Is 72511213 composite?
False
Is 10509913 prime?
True
Is 43483751 prime?
True
Is 26572297 composite?
True
Is 30369665 a prime number?
False
Is 9189491 a composite number?
True
Is 5143837 composite?
False
Is 1786849 a composite number?
True
Is 183706463 composite?
False
Is 18067937 composite?
False
Is 17634473 a prime number?
True
Is 19078966 a composite number?
True
Is 385433 a composite number?
False
Is 2363609 a composite number?
True
Is 1849124863 a prime number?
True
Is 8275427 prime?
False
Is 1899827 a composite number?
False
Is 7827773 a prime number?
True
Is 